n(z) - 3*p(z). What are the prime factors of x(-9)?
2, 3
Let n be 14*(24/(-14))/(-2). List the prime factors of 8/n*39/2.
13
Let o(n) = -n**2 + 5*n - 8. Let t(l) = -2*l**2 + 9*l - 17. Let z(p) = 5*o(p) - 2*t(p). Let h be z(6). Suppose -18 + h = -g. What are the prime factors of g?
2, 3
Let j(i) be the first derivative of i**3/3 + 5*i**2/2 + 2*i + 1. Let u be j(-5). Suppose -12 = -2*c - u. What are the prime factors of c?
5
Let c = -134 + 301. What are the prime factors of c?
167
Let w(g) = -g**2 + 6*g + 2. Let y be w(5). Let h = y + -5. Suppose h*r + 6*b - 3*b - 14 = 0, -10 = -2*r - 4*b. What are the prime factors of r?
13
Suppose -2 = -x + 1. Suppose 5 = x*h - 1. List the prime factors of h.
2
Let r(p) = -2*p**2 + 4*p + 3. Let j(a) = 7*a**2 - 11*a - 8. Let l = -11 + 22. Let q(o) = l*r(o) + 4*j(o). What are the prime factors of q(-1)?
7
Let r be (0 - (2 + -31)) + 1. Suppose -5*z = -0*z - r. List the prime factors of z.
2, 3
Suppose -n = 2*n - 18. Suppose -4*r + 6*r - n = 0. What are the prime factors of 12 - r/(-9)*-3?
11
Let w(s) = 4*s**2 - s. What are the prime factors of w(-6)?
2, 3, 5
Let m(d) = 20*d**2 - 2*d + 14. What are the prime factors of m(3)?
2, 47
Let y(w) be the second derivative of -w**5/20 - w**4/2 - w**3/6 - w. Suppose -4*l + 26 = -3*u, -3*l + 12 = -3*u + 2*u. What are the prime factors of y(u)?
2, 3
Let d = 6 - 4. Let r(m) = -5 + 2 + 3*m + 3 + 2. List the prime factors of r(d).
2
Let s(n) = -n**2 + 8*n - 7. Let q be s(6). Suppose -5*b + 12 = -3. Let x = q - b. List the prime factors of x.
2
Let v = 208 - 85. List the prime factors of v.
3, 41
Let f = 3 - -2. Let d be (-20)/(-8)*4/f. Suppose -4*i + d*b = -28, 3*b + 2 = i + 5. What are the prime factors of i?
3
Let n(l) = l + 21. Let a be (2/1 - 12)*-1. What are the prime factors of n(a)?
31
Suppose 174 = 4*r - y - 94, -3*r + 5*y = -201. What are the prime factors of r?
67
Let p(h) = 9*h + 2. Let c(y) = -5*y - 1. Let k(o) = 5*c(o) + 3*p(o). Let l be k(-1). List the prime factors of (l*3)/(6/(-20)).
2, 5
Suppose -8*o - 183 = -1695. What are the prime factors of o?
3, 7
Let z(k) = -k**3 - 4*k**2 + 2*k - 4. Let i be (-2 - -3)*(-5)/1. What are the prime factors of z(i)?
11
Suppose 20 = 3*b + o - 53, -3*o + 123 = 5*b. What are the prime factors of b?
2, 3
Let c(i) = i**2 + 8*i - 4. What are the prime factors of c(5)?
61
Let a be ((-4)/(-6))/(6/63). Let k = a - -5. What are the prime factors of k?
2, 3
Let z = -6 - -15. Let c = -6 + z. What are the prime factors of c?
3
Let u = 73 + -112. Let f = u + 18. Let l = -15 - f. List the prime factors of l.
2, 3
Suppose 3*f + 0*f - 84 = 0. Suppose -4*d = -2*d - f. What are the prime factors of d?
2, 7
Let d = -350 + 547. What are the prime factors of d?
197
Let p(t) = 7*t**2 - 11*t - 5. Let h(a) = 3*a**2 - 5*a - 2. Let k(g) = -5*h(g) + 2*p(g). Let j be k(3). Suppose 3*v + j = 9. List the prime factors of v.
3
Let a be 1/5 - (-1498)/10. Let l be a/(-4) - (-2)/4. Let j = -25 - l. List the prime factors of j.
2, 3
Let n(f) = -f**3 - f**2 - f. Let d be n(-1). Let y be 3 - (0/d - -1). Suppose -j - 46 = -4*b, -y*b + 10 = 4*j - 4. List the prime factors of b.
11
Suppose 3*x - 4*y + 0*y = 229, -193 = -3*x - 5*y. List the prime factors of x.
71
Suppose 5*x - 322 = -5*h + x, -4*h = -2*x - 242. What are the prime factors of h?
2, 31
Suppose 246 = 5*r + 56. Suppose 0*z - z = 4*v - r, 34 = 4*v - z. Suppose 0 = -q - 4*h + v, -3*q - 1 + 11 = -5*h. What are the prime factors of q?
5
Suppose -h - 1 = -7. Let w = -1 + h. What are the prime factors of w?
5
Let s(j) = -j**3 - 3*j**2 - 2*j - 2. Let r be s(-3). Suppose 13 + 11 = r*c. What are the prime factors of c?
2, 3
What are the prime factors of (3 - 1)/((-4)/(-128))?
2
Suppose -3 = 5*t - 0*t - z, 0 = -3*t + z - 3. Suppose t = -7*u + 2*u + 30. What are the prime factors of u?
2, 3
Let i = 4 + -7. Let k = 7 + i. What are the prime factors of k?
2
Let n be ((-6)/6)/(2/(-14)). Let s = 6 - n. What are the prime factors of ((-3)/(-4))/(s/(-12))?
3
Let s = 0 - 0. Let b(a) be the second derivative of a**4/12 - a**3/6 + 3*a**2/2 + 4*a. What are the prime factors of b(s)?
3
Let a(r) = -r + 1. Let s be a(-11). Let j be 9/s*3*4. Suppose 0 = 5*w + 3*d - 25, -3*d + j = 3*w - 0*d. List the prime factors of w.
2
Suppose -t = -0*t + 20. List the prime factors of (30/t)/((-6)/116).
29
Let d(o) = 4*o + 3. What are the prime factors of d(2)?
11
Let f be ((-2)/(-5))/(1/(-5)). Let t be f + (4 - (-3)/3). Suppose 2*w - 5*r = 45, -r - t*r - 20 = 0. List the prime factors of w.
2, 5
Suppose -5*l - a - 2*a = -115, -4*a = l - 6. Let i be (9/(-4))/(1/8). Let c = l + i. List the prime factors of c.
2
Let b(t) = t**3 - 5*t**2 - 7*t + 6. Let z be b(7). Suppose 2*a - z + 13 = 0. What are the prime factors of ((-18)/a)/(1/(-14))?
2, 3
Suppose -5*u + 3*y + 24 = 0, -5*y + 9 = 5*u - 3*y. Suppose 4 = -u*g + 31. Let t = -5 + g. What are the prime factors of t?
2
Let k be (-3)/6*1*-4. Suppose -3*t + 4*n = -k*t - 26, 2*n - 36 = -3*t. List the prime factors of t.
2, 7
Let o(a) = -a - 3. Let g be o(-8). Let y be (g + -4)/((-2)/(-10)). Suppose 4*z + 0*s - 64 = -5*s, 4*s - 80 = -y*z. List the prime factors of z.
2
Suppose -5*z - 5*h + 7*h + 16 = 0, -5*h = 5*z + 5. Suppose -3*g + 4*g = 2*x - 25, z*x + 5*g = 19. What are the prime factors of x?
2, 3
Let m be 1/1*2/2. Let p be 1/m*(-22)/2. Let r = p + 28. What are the prime factors of r?
17
Suppose -189 = -4*a + 3. What are the prime factors of a?
2, 3
List the prime factors of ((-30)/1)/(9 + -11).
3, 5
Let c = -1 - -1. Suppose 5*o = -c*o + 55. List the prime factors of o.
11
Let z(w) = -5*w**3 - 2*w**3 - 5 - 2*w + 4 + w - w**2. List the prime factors of z(-1).
2, 3
Let b be (2/1 - 2) + 90. Suppose -4*i - i + b = 0. List the prime factors of i.
2, 3
Let t(m) = 6*m**2 + m. Let n be t(-1). What are the prime factors of ((-72)/10)/((-1)/n)?
2, 3
Suppose 0 = -3*v + 4 + 2. Suppose 14 = 4*n - v*n. Let j = n + -3. List the prime factors of j.
2
Suppose i - 4*t - 57 = 0, -i - 2*i - 2*t + 115 = 0. List the prime factors of i.
41
Let a = -3 + 4. Let m = 2 - a. What are the prime factors of m/((-1)/(-6)) - -2?
2
Suppose 70 = 5*l - 4*a + 7, -2*l = 5*a - 12. Suppose 3 - l = -b. What are the prime factors of (-116)/(-10) - b/(-20)?
2, 3
Suppose 2*g - 119 = 2*j + 91, g - 99 = -j. Let f = g + -72. List the prime factors of f.
2, 3, 5
Let r(w) = 2*w**3 + 2*w**2 - 1. Let h = 13 + -8. Let x = h - 4. What are the prime factors of r(x)?
3
Suppose 3*c + 3 + 41 = 5*z, -z + 4*c + 19 = 0. Suppose 2*k - z*k + 75 = 0. List the prime factors of k.
3, 5
Let c(m) = -m**2 + 11*m + 1. Let i(p) = p**3 + 4*p**2 - p + 1. Let s be i(-4). List the prime factors of c(s).
31
List the prime factors of (-9)/(-15)*(33 + 2).
3, 7
Let c be (-1)/2 + (-4)/(-8). Suppose -2*v + 3 = -1. Suppose v*o - 16 = -c*o. List the prime factors of o.
2
Let t(u) = u - 1. Let x be t(10). Suppose 3*q - 2*q = 2*p + 1, 0 = 3*p - 5*q - x. What are the prime factors of 2/(p*(-2)/32)?
2
Let h = 6 + 0. Let k(d) = -d**3 + 6*d**2 + 5*d - 1. What are the prime factors of k(h)?
29
List the prime factors of 37 + (4/2 - -1).
2, 5
Let z be 1/((-2)/(-4)) - -22. Suppose 2*f - 4*j = 3*f - z, -12 = -2*f + j. List the prime factors of f.
2
Suppose 0 = -2*c + i + 5, 3*c = 5*c - 5*i - 9. Suppose -z - 20 = 4*q, -2*z + q = -c*q - 15. Suppose 18 = 3*w - z*w. What are the prime factors of w?
2, 3
Let j be -1 - 0*(-3)/(-6). Let z(c) = 18*c - 7. Let l(i) = -17*i + 6. Let a(o) = 6*l(o) + 5*z(o). List the prime factors of a(j).
13
What are the prime factors of -3*1/6*-206?
103
Let d(i) = i**3 - 5*i**2 + 2*i - 6. Let s be d(5). Suppose 2*g - 300 = -s*g. List the prime factors of g.
2, 5
What are the prime factors of (-2)/8 + 808/32?
5
Let p be 4/8*-4 - 5. Let r(s) = 4*s - 7. Let a(x) = x - 1. Let b(w) = -6*a(w) + r(w). List the prime factors of b(p).
13
What are the prime factors of (-71)/(-5) - 5/25?
2, 7
What are the prime factors of 152 - ((-8 - -2) + 4)?
2, 7, 11
Let x be 2/(-5) - (-960)/25. Suppose -8*c - 47 = -4*o - 3*c, -2*c - x = -4*o. List the prime factors of o.
2
Suppose -2*b + 83 = 3*u, 3*b + 3*u = u + 117. List the prime factors of b.
37
Let i(j) = j**3 + 11*j**2 + 8*j + 19. What are the prime factors of i(-8)?
3, 7
Let t(d) = d**2 - 4*d - 12. Let k be t(6). Suppose 0 = -q - 2